{"id":438,"date":"2023-11-08T09:28:51","date_gmt":"2023-11-08T09:28:51","guid":{"rendered":"https:\/\/www.prostran.si\/?page_id=438"},"modified":"2024-02-26T09:45:22","modified_gmt":"2024-02-26T09:45:22","slug":"prometna-nesreca","status":"publish","type":"page","link":"https:\/\/www.prostran.si\/srb-bos-hrv\/prometna-nesreca\/","title":{"rendered":"Saobra\u0107ajna nesre\u0107a"},"content":{"rendered":"<div data-elementor-type=\"wp-page\" data-elementor-id=\"438\" class=\"elementor elementor-438\" data-elementor-post-type=\"page\">\n\t\t\t\t\t\t<section class=\"elementor-section elementor-top-section elementor-element elementor-element-486088d0 elementor-section-height-min-height elementor-section-content-middle elementor-section-boxed elementor-section-height-default elementor-section-items-middle\" data-id=\"486088d0\" data-element_type=\"section\" data-settings=\"{&quot;background_background&quot;:&quot;classic&quot;}\">\n\t\t\t\t\t\t\t<div class=\"elementor-background-overlay\"><\/div>\n\t\t\t\t\t\t\t<div class=\"elementor-container elementor-column-gap-custom\">\n\t\t\t\t\t<div class=\"elementor-column elementor-col-100 elementor-top-column elementor-element elementor-element-74124bd8\" data-id=\"74124bd8\" data-element_type=\"column\" data-settings=\"{&quot;background_background&quot;:&quot;classic&quot;}\">\n\t\t\t<div class=\"elementor-widget-wrap elementor-element-populated\">\n\t\t\t\t\t\t<div class=\"elementor-element elementor-element-3a3084b9 elementor-invisible elementor-widget elementor-widget-heading\" data-id=\"3a3084b9\" data-element_type=\"widget\" data-settings=\"{&quot;_animation&quot;:&quot;fadeInDown&quot;}\" data-widget_type=\"heading.default\">\n\t\t\t\t<div class=\"elementor-widget-container\">\n\t\t\t\t\t<h2 class=\"elementor-heading-title elementor-size-default\"><font color=\"#B79743\">Saobra\u0107ajna nesre\u0107a <\/font><\/h2>\t\t\t\t<\/div>\n\t\t\t\t<\/div>\n\t\t\t\t<div class=\"elementor-element elementor-element-5f68411f elementor-invisible elementor-widget elementor-widget-text-editor\" data-id=\"5f68411f\" data-element_type=\"widget\" data-settings=\"{&quot;_animation&quot;:&quot;fadeIn&quot;,&quot;_animation_delay&quot;:600}\" data-widget_type=\"text-editor.default\">\n\t\t\t\t<div class=\"elementor-widget-container\">\n\t\t\t\t\t\t\t\t\t<p>Saobra\u0107ajna nesre\u0107a je stresan doga\u0111aj i za u\u010desnika u saobra\u0107ajnoj nesre\u0107i mo\u017ee zna\u010diti po\u010detak vi\u0161e razli\u010ditih pravnih postupaka, kao \u0161to je postupak ostvarivanja prava na od\u0161tetu i osigurninu, postupak o prekr\u0161aju, krivi\u010dni postupak, gra\u0111anski postupak pred ZZZS i ZPIZ ili ostavinski postupak. Zato je va\u017eno, da vas u tim pravnim postupcima zastupa stru\u010dnjak specializiran na podru\u010dju od\u0161tetnog prava (advokat za od\u0161tete), kako biste pravovremeno dobili odgovaraju\u0107a uspustva, kako pravilno postupati, da biste kasnije mogli ostvariti pravo na \u0161to ve\u0107u od\u0161tetu i optimalno ostvariti va\u0161a prava u navedenim pravnim postupcima.<\/p>\t\t\t\t\t\t\t\t<\/div>\n\t\t\t\t<\/div>\n\t\t\t\t\t<\/div>\n\t\t<\/div>\n\t\t\t\t\t<\/div>\n\t\t<\/section>\n\t\t\t\t<section class=\"elementor-section elementor-top-section elementor-element elementor-element-0c72490 elementor-section-boxed elementor-section-height-default elementor-section-height-default\" data-id=\"0c72490\" data-element_type=\"section\">\n\t\t\t\t\t\t<div class=\"elementor-container elementor-column-gap-default\">\n\t\t\t\t\t<div class=\"elementor-column elementor-col-100 elementor-top-column elementor-element elementor-element-2e34130 elementor-invisible\" data-id=\"2e34130\" data-element_type=\"column\" data-settings=\"{&quot;animation&quot;:&quot;fadeInUp&quot;,&quot;animation_delay&quot;:500}\">\n\t\t\t<div class=\"elementor-widget-wrap elementor-element-populated\">\n\t\t\t\t\t\t<div class=\"elementor-element elementor-element-c925c5d elementor-widget elementor-widget-text-editor\" data-id=\"c925c5d\" data-element_type=\"widget\" data-widget_type=\"text-editor.default\">\n\t\t\t\t<div class=\"elementor-widget-container\">\n\t\t\t\t\t\t\t\t\t<p class=\"western translation-block\" align=\"justify\"><span style=\"color: #222222\"><span style=\"font-size: medium\">Ako ste bili u\u010desnik u saobra\u0107ajnoj nesre\u0107i, koja se dogodila u va\u0161oj ili drugoj dr\u017eavi i povredili se (u odre\u0111enim primerima \u010dak i ako niste povre\u0111eni), pripada vam od\u0161teta <\/span><\/a><span style=\"color: #222222\"><span style=\"font-size: medium\"><\/span><\/span><span style=\"color: #222222\"><span style=\"font-size: medium\"><span lang=\"en-US\"><\/span><\/span><\/span><span style=\"color: #222222\"><span style=\"font-size: medium\">za saobra\u0107ajnu nesre\u0107u i mo\u017eete podneti od\u0161tetni zahtev odnosno od\u0161tetni zahtev za telesne povrede.<\/span><\/span><\/p><p class=\"western\" align=\"justify\"><span style=\"font-size: medium;\">Od\u0161teta za saobra\u0107ajnu nesre\u0107u vam pripada, ako ste bili povre\u0111eni:<\/span><\/p><ul><li><p align=\"justify\"><span style=\"font-size: medium;\">kao voza\u010d bilo kojeg vozila (automobila, kamiona, radnog stroja, bicikla, itd.), ako niste vi krivi za nesre\u0107u <\/span><\/p><\/li><li><p align=\"justify\" class=\"translation-block\"><span style=\"color: #222222\"><span style=\"font-size: medium\">kao putnik u bilo kojem vozilu, bez obzira ko je kriv za nesre\u0107u<\/span><\/span><\/span><\/p><\/li><li><p align=\"justify\" class=\"translation-block\"><span style=\"color: #222222\"><span style=\"font-size: medium\">kao u\u010desnik u cestovnom prometu (pe\u0161ak, biciklist, itd.), ako niste vi krivi za nesre\u0107u<\/span><\/span><\/span><\/p><\/li><\/ul><p class=\"western\" align=\"justify\"><span style=\"color: #222222;\"><span style=\"font-size: medium;\">Isto tako od\u0161teta za saobra\u0107ajnu nesre\u0107u vam pripada:<\/span><\/span><\/p><ul><li><p align=\"justify\"><span style=\"color: #222222;\"><span style=\"font-size: medium;\">ako je saobra\u0107ajnu nesre\u0107u prouzrokovao nepoznati voza\u010d (saobra\u0107ajna nesre\u0107a u kojoj je voza\u010d pobegao) <\/span><\/span><\/p><\/li><li><p align=\"justify\" class=\"translation-block\"><span style=\"color: #222222\"><span style=\"font-size: medium\">ako ste saobra\u0107ajnu nesre\u0107u prouzrokovali vi (pod uslovom, da ste imali zaklju\u010deno AO plus osiguranje, i da vam pripada AO plus od\u0161teta)<\/span><\/p><\/li><\/ul><p class=\"western translation-block\" align=\"justify\"><span style=\"font-size: medium\"><span lang=\"en-US\">U nekim primerima od\u0161tetne zahteve podnosimo i u drugim dr\u017eavama i zastupamo strance, koji \u017eele podneti od\u0161tetni zahtev u Sloveniji i inostranstvu. Od\u0161tetni zahtev ili od\u0161tetna tu\u017eba mo\u017ee se podneti protiv stranog ili doma\u0107eg osiguravaju\u0107eg dru\u0161tva u Republici Sloveniji uz primenu prava druge dr\u017eave (hrvatsko, nema\u010dko, austrijsko, srpsko, itd.). <\/span><\/span><\/p><p class=\"western translation-block\" align=\"justify\"><span style=\"font-size: medium\">Visina od\u0161tete za telesne povrede<\/span><\/a><b> <\/b><span style=\"font-size: medium\">ovisna je od vi\u0161e faktora, pre svega od te\u017eine povrede, postupka le\u010denja i trajnih posledica, koje su vam ostale nakon povrede.<\/span><\/span><\/span><\/p><p class=\"western translation-block\" align=\"justify\"><a name=\"_GoBack\" target=\"_self\"><\/a> <span style=\"color: #222222\"><span style=\"font-size: medium\">Pored povre\u0111enog, kojem je nastala posebno te\u0161ka invalidnost, pravo na od\u0161tetu zbog njegovog zdravstvenog stanja nakon saobra\u0107ajne nesre\u0107e (od\u0161teta za du\u0161evne patnje) pripada i njegovim bli\u017eim ro\u0111acima (supru\u017eniku, vanbra\u010dnom partneru, deci, bra\u0107i i sestrama). U primeru smrti nekog od u\u010desnika u saobra\u0107ajnoj nesre\u0107i pripada bliskim ro\u0111acima od\u0161teta zbog du\u0161evnih patnji zbog smrti njima bliske osobe.<\/span><\/p><p class=\"western translation-block\" align=\"justify\"><span style=\"color: #222222\"><span style=\"font-size: medium\">Ako ste u vreme, kada vam se dogodila saobra\u0107ajna nesre\u0107a, imali zaklju\u010deno bilo kakvo nezgodno osiguranje<\/span><\/a><span style=\"color: #222222\"><span style=\"font-size: medium\">, mo\u017eemo se pobrinuti, da dobijete dnevnu od\u0161tetu za povredu, invalidnost ili druga odgovaraju\u0107a prava iz police osiguranja. <\/span><\/span><\/p><p class=\"western\" align=\"justify\"><span style=\"color: #222222;\"><span style=\"font-size: medium;\">Savetujemo vam, da kada vam se dogodi saobra\u0107ajna nesre\u0107a, da nas pozovete \u010dim pre, kako biste na vreme dobili odgovaraju\u0107a upustva, kako \u0107ete postupati, da biste kasnije mogli \u0161to bolje ostvariti va\u0161a prava u razli\u010ditim pravnim postupcima. <\/span><\/span><\/p>\t\t\t\t\t\t\t\t<\/div>\n\t\t\t\t<\/div>\n\t\t\t\t\t<\/div>\n\t\t<\/div>\n\t\t\t\t\t<\/div>\n\t\t<\/section>\n\t\t<div class=\"elementor-element elementor-element-ea0b854 e-flex e-con-boxed e-con e-parent\" data-id=\"ea0b854\" data-element_type=\"container\">\n\t\t\t\t\t<div class=\"e-con-inner\">\n\t\t<div class=\"elementor-element elementor-element-2485504 elementor-hidden-desktop elementor-hidden-tablet elementor-hidden-mobile e-flex e-con-boxed e-con e-child\" data-id=\"2485504\" data-element_type=\"container\">\n\t\t\t\t\t<div class=\"e-con-inner\">\n\t\t\t\t<div class=\"elementor-element elementor-element-89c2fc3 elementor-hidden-desktop elementor-hidden-tablet elementor-hidden-mobile elementor-widget elementor-widget-text-editor\" data-id=\"89c2fc3\" data-element_type=\"widget\" data-widget_type=\"text-editor.default\">\n\t\t\t\t<div class=\"elementor-widget-container\">\n\t\t\t\t\t\t\t\t\t<p>Odvetnik za od\u0161kodnine\u00a0 &#8211; brezpla\u010dno pravno svetovanje<\/p>\t\t\t\t\t\t\t\t<\/div>\n\t\t\t\t<\/div>\n\t\t\t\t<div class=\"elementor-element elementor-element-60e9bae elementor-hidden-desktop elementor-widget elementor-widget-text-editor\" data-id=\"60e9bae\" data-element_type=\"widget\" data-widget_type=\"text-editor.default\">\n\t\t\t\t<div class=\"elementor-widget-container\">\n\t\t\t\t\t\t\t\t\t<p>Odvetnik za od\u0161kodnine &#8211;\u00a0<br \/>brezpla\u010dno pravno svetovanje<\/p>\t\t\t\t\t\t\t\t<\/div>\n\t\t\t\t<\/div>\n\t\t\t\t\t<\/div>\n\t\t\t\t<\/div>\n\t\t\t\t\t<\/div>\n\t\t\t\t<\/div>\n\t\t<div class=\"elementor-element elementor-element-d67ac20 e-flex e-con-boxed e-con e-parent\" data-id=\"d67ac20\" data-element_type=\"container\">\n\t\t\t\t\t<div class=\"e-con-inner\">\n\t\t\t\t<div class=\"elementor-element elementor-element-0734be8 elementor-widget elementor-widget-text-editor\" data-id=\"0734be8\" data-element_type=\"widget\" data-widget_type=\"text-editor.default\">\n\t\t\t\t<div class=\"elementor-widget-container\">\n\t\t\t\t\t\t\t\t\t<p>Prometna nesre\u010da, Prometna nesre\u010da, Prometna nesre\u010da, Prometna nesre\u010da, Prometna nesre\u010da,\u00a0<\/p>\t\t\t\t\t\t\t\t<\/div>\n\t\t\t\t<\/div>\n\t\t\t\t<div class=\"elementor-element elementor-element-18cc594 elementor-align-center elementor-widget elementor-widget-button\" data-id=\"18cc594\" data-element_type=\"widget\" data-widget_type=\"button.default\">\n\t\t\t\t<div class=\"elementor-widget-container\">\n\t\t\t\t\t\t\t\t\t<div class=\"elementor-button-wrapper\">\n\t\t\t\t\t<a class=\"elementor-button elementor-button-link elementor-size-sm\" href=\"#elementor-action%3Aaction%3Dpopup%3Aopen%26settings%3DeyJpZCI6IjMwOCIsInRvZ2dsZSI6ZmFsc2V9\">\n\t\t\t\t\t\t<span class=\"elementor-button-content-wrapper\">\n\t\t\t\t\t\t\t\t\t<span class=\"elementor-button-text\">Advokat za od\u0161tete \u2013 besplatno pravno savetovanje<\/span>\n\t\t\t\t\t<\/span>\n\t\t\t\t\t<\/a>\n\t\t\t\t<\/div>\n\t\t\t\t\t\t\t\t<\/div>\n\t\t\t\t<\/div>\n\t\t\t\t<div class=\"elementor-element elementor-element-2feb001 elementor-widget elementor-widget-image\" data-id=\"2feb001\" data-element_type=\"widget\" data-widget_type=\"image.default\">\n\t\t\t\t<div class=\"elementor-widget-container\">\n\t\t\t\t\t\t\t\t\t\t\t\t\t\t\t\t<a href=\"http:\/\/www.bildproduction.com\" target=\"_blank\" rel=\"noopener noreferrer nofollow\">\n\t\t\t\t\t\t\t<img fetchpriority=\"high\" decoding=\"async\" width=\"500\" height=\"150\" src=\"https:\/\/www.prostran.si\/wp-content\/uploads\/2024\/01\/mag.kristijan_prostran.png\" class=\"attachment-large size-large wp-image-4445\" alt=\"Odvetni\u0161ka Dru\u017eba Prostran - Ekipa - Kristijan Prostran - blog - druga podro\u010dja dela - kontakt - nezgodna zavarovanja - po\u0161kodba na javni ali zasebni povr\u0161ini - po\u0161kodba pri delu - prometna nesre\u010da - zastopanje pravnih oseb - zdravni\u0161ka napaka - Odvetnik za od\u0161kodnine - vi\u0161ina od\u0161kodnine - zavarovanje odgovornosti zasebnika - od\u0161kodnina za po\u0161kodbo na javni povr\u0161ini - ni\u010dnost kreditov \u0161vicarskih frankov - od\u0161kodninska to\u017eba - AO plus od\u0161kodnina - od\u0161kodninska odgovornost delodajalca - kdaj ni potrebno klicati policije - kako ravnati v primeru prometne nesre\u010de - od\u0161kodninski zahtevki ZZZS in ZPIZ - Evropsko poro\u010dilo o prometni nesre\u010di - Od\u0161kodninski zahtevek - Od\u0161kodnina za izbris - trk z divjadjo - zlom ledvenega vretenca - od\u0161kodninska to\u017eba - nezgodna zavarovanja - Od\u0161kodnina za poklicno bolezen\" srcset=\"https:\/\/www.prostran.si\/wp-content\/uploads\/2024\/01\/mag.kristijan_prostran.png 500w, https:\/\/www.prostran.si\/wp-content\/uploads\/2024\/01\/mag.kristijan_prostran-300x90.png 300w, https:\/\/www.prostran.si\/wp-content\/uploads\/2024\/01\/mag.kristijan_prostran-18x5.png 18w\" sizes=\"(max-width: 500px) 100vw, 500px\" \/>\t\t\t\t\t\t\t\t<\/a>\n\t\t\t\t\t\t\t\t\t\t\t\t\t\t\t<\/div>\n\t\t\t\t<\/div>\n\t\t\t\t\t<\/div>\n\t\t\t\t<\/div>\n\t\t\t\t<\/div>","protected":false},"excerpt":{"rendered":"<p>Prometna nesre\u010da Prometna nesre\u010da je stresni dogodek in za udele\u017eenca lahko pomeni za\u010detek ve\u010d razli\u010dnih postopkov, kot so postopek za pridobitev od\u0161kodnine in zavarovalnine, postopek o prekr\u0161ku, kazenski postopek, socialni postopek pred ZZZS in ZPIZ ali zapu\u0161\u010dinski postopek. Zato je pomembno, da vas zastopa specialist na podro\u010dju od\u0161kodninskega prava (odvetnik za od\u0161kodnine), da \u010dimprej dobite [&hellip;]<\/p>","protected":false},"author":2,"featured_media":0,"parent":0,"menu_order":0,"comment_status":"closed","ping_status":"closed","template":"","meta":{"inline_featured_image":false,"footnotes":""},"class_list":["post-438","page","type-page","status-publish","hentry"],"_links":{"self":[{"href":"https:\/\/www.prostran.si\/srb-bos-hrv\/wp-json\/wp\/v2\/pages\/438","targetHints":{"allow":["GET"]}}],"collection":[{"href":"https:\/\/www.prostran.si\/srb-bos-hrv\/wp-json\/wp\/v2\/pages"}],"about":[{"href":"https:\/\/www.prostran.si\/srb-bos-hrv\/wp-json\/wp\/v2\/types\/page"}],"author":[{"embeddable":true,"href":"https:\/\/www.prostran.si\/srb-bos-hrv\/wp-json\/wp\/v2\/users\/2"}],"replies":[{"embeddable":true,"href":"https:\/\/www.prostran.si\/srb-bos-hrv\/wp-json\/wp\/v2\/comments?post=438"}],"version-history":[{"count":0,"href":"https:\/\/www.prostran.si\/srb-bos-hrv\/wp-json\/wp\/v2\/pages\/438\/revisions"}],"wp:attachment":[{"href":"https:\/\/www.prostran.si\/srb-bos-hrv\/wp-json\/wp\/v2\/media?parent=438"}],"curies":[{"name":"wp","href":"https:\/\/api.w.org\/{rel}","templated":true}]}}